{"id":430,"date":"2018-01-18T11:30:40","date_gmt":"2018-01-18T09:30:40","guid":{"rendered":"http:\/\/devpra.saga.fi\/beauty\/?page_id=430"},"modified":"2026-01-13T14:05:13","modified_gmt":"2026-01-13T12:05:13","slug":"yhteystiedot","status":"publish","type":"page","link":"https:\/\/www.saga.fi\/beauty\/yhteystiedot\/","title":{"rendered":"Yhteystiedot"},"content":{"rendered":"\n<style type=\"text\/css\" data-created_by=\"avia_inline_auto\" id=\"style-css-av-pnt9y-b6297fc9da2c0fc133b40f68f7697d50\">\n.flex_column.av-pnt9y-b6297fc9da2c0fc133b40f68f7697d50{\nborder-radius:0px 0px 0px 0px;\npadding:0px 0px 0px 0px;\n}\n<\/style>\n<div  class='flex_column av-pnt9y-b6297fc9da2c0fc133b40f68f7697d50 av_one_third  avia-builder-el-0  el_before_av_one_third  avia-builder-el-first  first flex_column_div av-zero-column-padding  '     ><section  class='av_textblock_section av-278ye-cd6bad6c1f99a5a8a325650868cccbc1 '   itemscope=\"itemscope\" itemtype=\"https:\/\/schema.org\/CreativeWork\" ><div class='avia_textblock'  itemprop=\"text\" ><h1 style=\"font-size: 26px\">Yhteystiedot &#8211; Saga Beauty<\/h1>\n<ul>\n<li><strong>K\u00e4yntiosoite:<\/strong><br \/>\nSaga Beauty, Juhana Herttuan puistokatu 23<br \/>\n20100 Turku, Finland<\/li>\n<li><strong>Postiosoite:<\/strong><br \/>\nSaga Beauty, PL 100<br \/>\n20101 Turku, Finland<\/li>\n<li><strong>Puhelin:<\/strong> 02 445 6200<\/li>\n<li><strong>S\u00e4hk\u00f6posti:<\/strong> myynti@saga.fi<\/li>\n<\/ul>\n<h2>Noutomyym\u00e4l\u00e4<\/h2>\n<ul>\n<li>Noutomyym\u00e4l\u00e4 on avoinna keskiviikoisin klo 9-16<\/li>\n<\/ul>\n<\/div><\/section><\/div>\n<style type=\"text\/css\" data-created_by=\"avia_inline_auto\" id=\"style-css-av-11h5ry-e993131ade49e7865465424190ebcfca\">\n.flex_column.av-11h5ry-e993131ade49e7865465424190ebcfca{\nborder-radius:0px 0px 0px 0px;\npadding:0px 0px 0px 0px;\n}\n<\/style>\n<div  class='flex_column av-11h5ry-e993131ade49e7865465424190ebcfca av_one_third  avia-builder-el-2  el_after_av_one_third  avia-builder-el-last  flex_column_div av-zero-column-padding  '     ><section  class='av_textblock_section av-xuqk6-9928ab07fb4d5badf6fde556ae9969f1 '   itemscope=\"itemscope\" itemtype=\"https:\/\/schema.org\/CreativeWork\" ><div class='avia_textblock'  itemprop=\"text\" ><h1 style=\"font-size: 26px\">Ota yhteytt\u00e4<\/h1>\n<div class=\"wpforms-container wpforms-container-full\" id=\"wpforms-1048\"><form id=\"wpforms-form-1048\" class=\"wpforms-validate wpforms-form\" data-formid=\"1048\" method=\"post\" enctype=\"multipart\/form-data\" action=\"\/beauty\/wp-json\/wp\/v2\/pages\/430\" data-token=\"7f41e81e9241c44bffd29352b313174d\" data-token-time=\"1777341835\"><noscript class=\"wpforms-error-noscript\">Please enable JavaScript in your browser to complete this form.<\/noscript><div class=\"wpforms-field-container\"><div id=\"wpforms-1048-field_2-container\" class=\"wpforms-field wpforms-field-textarea\" data-field-id=\"2\"><label class=\"wpforms-field-label\" for=\"wpforms-1048-field_2\">Viesti <span class=\"wpforms-required-label\">*<\/span><\/label><textarea id=\"wpforms-1048-field_2\" class=\"wpforms-field-medium wpforms-field-required\" name=\"wpforms[fields][2]\" required><\/textarea><\/div><div id=\"wpforms-1048-field_3-container\" class=\"wpforms-field wpforms-field-checkbox\" data-field-id=\"3\"><label class=\"wpforms-field-label\">Olen ammatiltani<\/label><ul id=\"wpforms-1048-field_3\"><li class=\"choice-1 depth-1\"><input type=\"checkbox\" id=\"wpforms-1048-field_3_1\" name=\"wpforms[fields][3][]\" value=\"Opiskelija\"  ><label class=\"wpforms-field-label-inline\" for=\"wpforms-1048-field_3_1\">Opiskelija<\/label><\/li><li class=\"choice-2 depth-1\"><input type=\"checkbox\" id=\"wpforms-1048-field_3_2\" name=\"wpforms[fields][3][]\" value=\"Yritt\u00e4j\u00e4\"  ><label class=\"wpforms-field-label-inline\" for=\"wpforms-1048-field_3_2\">Yritt\u00e4j\u00e4<\/label><\/li><li class=\"choice-3 depth-1\"><input type=\"checkbox\" id=\"wpforms-1048-field_3_3\" name=\"wpforms[fields][3][]\" value=\"Kosmetologi\"  ><label class=\"wpforms-field-label-inline\" for=\"wpforms-1048-field_3_3\">Kosmetologi<\/label><\/li><li class=\"choice-4 depth-1\"><input type=\"checkbox\" id=\"wpforms-1048-field_3_4\" name=\"wpforms[fields][3][]\" value=\"Kampaaja\"  ><label class=\"wpforms-field-label-inline\" for=\"wpforms-1048-field_3_4\">Kampaaja<\/label><\/li><\/ul><\/div><div id=\"wpforms-1048-field_4-container\" class=\"wpforms-field wpforms-field-text\" data-field-id=\"4\"><label class=\"wpforms-field-label\" for=\"wpforms-1048-field_4\">Muu ammatti, mik\u00e4?<\/label><input type=\"text\" id=\"wpforms-1048-field_4\" class=\"wpforms-field-medium\" name=\"wpforms[fields][4]\" ><\/div><div id=\"wpforms-1048-field_5-container\" class=\"wpforms-field wpforms-field-text\" data-field-id=\"5\"><label class=\"wpforms-field-label\" for=\"wpforms-1048-field_5\">Yritys<\/label><input type=\"text\" id=\"wpforms-1048-field_5\" class=\"wpforms-field-medium\" name=\"wpforms[fields][5]\" ><\/div><div id=\"wpforms-1048-field_6-container\" class=\"wpforms-field wpforms-field-text\" data-field-id=\"6\"><label class=\"wpforms-field-label\" for=\"wpforms-1048-field_6\">Nimi <span class=\"wpforms-required-label\">*<\/span><\/label><input type=\"text\" id=\"wpforms-1048-field_6\" class=\"wpforms-field-medium wpforms-field-required\" name=\"wpforms[fields][6]\" required><\/div><div id=\"wpforms-1048-field_1-container\" class=\"wpforms-field wpforms-field-email\" data-field-id=\"1\"><label class=\"wpforms-field-label\" for=\"wpforms-1048-field_1\">S\u00e4hk\u00f6posti <span class=\"wpforms-required-label\">*<\/span><\/label><input type=\"email\" id=\"wpforms-1048-field_1\" class=\"wpforms-field-medium wpforms-field-required\" name=\"wpforms[fields][1]\" spellcheck=\"false\" required><\/div><div id=\"wpforms-1048-field_7-container\" class=\"wpforms-field wpforms-field-text\" data-field-id=\"7\"><label class=\"wpforms-field-label\" for=\"wpforms-1048-field_7\">Osoite<\/label><input type=\"text\" id=\"wpforms-1048-field_7\" class=\"wpforms-field-medium\" name=\"wpforms[fields][7]\" ><\/div><div id=\"wpforms-1048-field_8-container\" class=\"wpforms-field wpforms-field-text\" data-field-id=\"8\"><label class=\"wpforms-field-label\" for=\"wpforms-1048-field_8\">Postinumero ja -toimipaikka<\/label><input type=\"text\" id=\"wpforms-1048-field_8\" class=\"wpforms-field-medium\" name=\"wpforms[fields][8]\" ><\/div><div id=\"wpforms-1048-field_9-container\" class=\"wpforms-field wpforms-field-radio\" data-field-id=\"9\"><label class=\"wpforms-field-label\">Haluan tarjoukset ja tuotetiedotteet s\u00e4hk\u00f6postina (valitse vaihtoehto)<\/label><ul id=\"wpforms-1048-field_9\"><li class=\"choice-1 depth-1\"><input type=\"radio\" id=\"wpforms-1048-field_9_1\" name=\"wpforms[fields][9]\" value=\"Kyll\u00e4 kiitos\"  ><label class=\"wpforms-field-label-inline\" for=\"wpforms-1048-field_9_1\">Kyll\u00e4 kiitos<\/label><\/li><li class=\"choice-2 depth-1\"><input type=\"radio\" id=\"wpforms-1048-field_9_2\" name=\"wpforms[fields][9]\" value=\"En halua\"  ><label class=\"wpforms-field-label-inline\" for=\"wpforms-1048-field_9_2\">En halua<\/label><\/li><\/ul><\/div><div id=\"wpforms-1048-field_10-container\" class=\"wpforms-field wpforms-field-gdpr-checkbox\" data-field-id=\"10\"><label class=\"wpforms-field-label\">Tietojen luovutus <span class=\"wpforms-required-label\">*<\/span><\/label><ul id=\"wpforms-1048-field_10\" class=\"wpforms-field-required\"><li class=\"choice-1\"><input type=\"checkbox\" id=\"wpforms-1048-field_10_1\" name=\"wpforms[fields][10][]\" value=\"Hyv\u00e4ksyn yhteystietojeni tallentamisen jotta kyselyyni voidaan vastata.\" required ><label class=\"wpforms-field-label-inline\" for=\"wpforms-1048-field_10_1\">Hyv\u00e4ksyn yhteystietojeni tallentamisen jotta kyselyyni voidaan vastata.<\/label><\/li><\/ul><\/div><\/div><!-- .wpforms-field-container --><div class=\"wpforms-field wpforms-field-hp\"><label for=\"wpforms-1048-field-hp\" class=\"wpforms-field-label\">Email<\/label><input type=\"text\" name=\"wpforms[hp]\" id=\"wpforms-1048-field-hp\" class=\"wpforms-field-medium\"><\/div><div class=\"wpforms-submit-container\" ><input type=\"hidden\" name=\"wpforms[id]\" value=\"1048\"><input type=\"hidden\" name=\"page_title\" value=\"\"><input type=\"hidden\" name=\"page_url\" value=\"https:\/\/www.saga.fi\/beauty\/wp-json\/wp\/v2\/pages\/430\"><input type=\"hidden\" name=\"url_referer\" value=\"\"><button type=\"submit\" name=\"wpforms[submit]\" id=\"wpforms-submit-1048\" class=\"wpforms-submit\" data-alt-text=\"L\u00e4hetet\u00e4\u00e4n...\" data-submit-text=\"L\u00e4het\u00e4\" aria-live=\"assertive\" value=\"wpforms-submit\">L\u00e4het\u00e4<\/button><\/div><\/form><\/div>  <!-- .wpforms-container -->\n<\/div><\/section><\/div><\/p>\n","protected":false},"excerpt":{"rendered":"","protected":false},"author":2,"featured_media":0,"parent":0,"menu_order":10,"comment_status":"closed","ping_status":"closed","template":"","meta":{"_acf_changed":false,"footnotes":""},"class_list":["post-430","page","type-page","status-publish","hentry"],"acf":[],"yoast_head":"<!-- This site is optimized with the Yoast SEO plugin v27.2 - https:\/\/yoast.com\/product\/yoast-seo-wordpress\/ -->\n<title>Yhteystiedot - Saga Beauty | Saga Trade Finland<\/title>\n<meta name=\"robots\" content=\"index, follow, max-snippet:-1, max-image-preview:large, max-video-preview:-1\" \/>\n<link rel=\"canonical\" href=\"https:\/\/www.saga.fi\/beauty\/yhteystiedot\/\" \/>\n<meta property=\"og:locale\" content=\"fi_FI\" \/>\n<meta property=\"og:type\" content=\"article\" \/>\n<meta property=\"og:title\" content=\"Yhteystiedot - Saga Beauty | Saga Trade Finland\" \/>\n<meta property=\"og:url\" content=\"https:\/\/www.saga.fi\/beauty\/yhteystiedot\/\" \/>\n<meta property=\"og:site_name\" content=\"Saga Beauty | Saga Trade Finland\" \/>\n<meta property=\"article:publisher\" content=\"https:\/\/www.facebook.com\/Spashop.fi\" \/>\n<meta property=\"article:modified_time\" content=\"2026-01-13T12:05:13+00:00\" \/>\n<meta name=\"twitter:card\" content=\"summary_large_image\" \/>\n<meta name=\"twitter:label1\" content=\"Arvioitu lukuaika\" \/>\n\t<meta name=\"twitter:data1\" content=\"1 minuutti\" \/>\n<script type=\"application\/ld+json\" class=\"yoast-schema-graph\">{\"@context\":\"https:\/\/schema.org\",\"@graph\":[{\"@type\":\"WebPage\",\"@id\":\"https:\/\/www.saga.fi\/beauty\/yhteystiedot\/\",\"url\":\"https:\/\/www.saga.fi\/beauty\/yhteystiedot\/\",\"name\":\"Yhteystiedot - Saga Beauty | Saga Trade Finland\",\"isPartOf\":{\"@id\":\"https:\/\/www.saga.fi\/beauty\/#website\"},\"datePublished\":\"2018-01-18T09:30:40+00:00\",\"dateModified\":\"2026-01-13T12:05:13+00:00\",\"breadcrumb\":{\"@id\":\"https:\/\/www.saga.fi\/beauty\/yhteystiedot\/#breadcrumb\"},\"inLanguage\":\"fi\",\"potentialAction\":[{\"@type\":\"ReadAction\",\"target\":[\"https:\/\/www.saga.fi\/beauty\/yhteystiedot\/\"]}]},{\"@type\":\"BreadcrumbList\",\"@id\":\"https:\/\/www.saga.fi\/beauty\/yhteystiedot\/#breadcrumb\",\"itemListElement\":[{\"@type\":\"ListItem\",\"position\":1,\"name\":\"Home\",\"item\":\"https:\/\/www.saga.fi\/beauty\/etusivu\/\"},{\"@type\":\"ListItem\",\"position\":2,\"name\":\"Yhteystiedot\"}]},{\"@type\":\"WebSite\",\"@id\":\"https:\/\/www.saga.fi\/beauty\/#website\",\"url\":\"https:\/\/www.saga.fi\/beauty\/\",\"name\":\"Saga Beauty | Saga Trade Finland\",\"description\":\"Laatukosmetiikan maahantuonti\",\"publisher\":{\"@id\":\"https:\/\/www.saga.fi\/beauty\/#organization\"},\"potentialAction\":[{\"@type\":\"SearchAction\",\"target\":{\"@type\":\"EntryPoint\",\"urlTemplate\":\"https:\/\/www.saga.fi\/beauty\/?s={search_term_string}\"},\"query-input\":{\"@type\":\"PropertyValueSpecification\",\"valueRequired\":true,\"valueName\":\"search_term_string\"}}],\"inLanguage\":\"fi\"},{\"@type\":\"Organization\",\"@id\":\"https:\/\/www.saga.fi\/beauty\/#organization\",\"name\":\"Saga Beauty | Saga Trade Finland\",\"url\":\"https:\/\/www.saga.fi\/beauty\/\",\"logo\":{\"@type\":\"ImageObject\",\"inLanguage\":\"fi\",\"@id\":\"https:\/\/www.saga.fi\/beauty\/#\/schema\/logo\/image\/\",\"url\":\"https:\/\/www.saga.fi\/beauty\/wp-content\/uploads\/sites\/2\/2018\/02\/logo-saga-beauty.png\",\"contentUrl\":\"https:\/\/www.saga.fi\/beauty\/wp-content\/uploads\/sites\/2\/2018\/02\/logo-saga-beauty.png\",\"width\":204,\"height\":140,\"caption\":\"Saga Beauty | Saga Trade Finland\"},\"image\":{\"@id\":\"https:\/\/www.saga.fi\/beauty\/#\/schema\/logo\/image\/\"},\"sameAs\":[\"https:\/\/www.facebook.com\/Spashop.fi\"]}]}<\/script>\n<!-- \/ Yoast SEO plugin. -->","yoast_head_json":{"title":"Yhteystiedot - Saga Beauty | Saga Trade Finland","robots":{"index":"index","follow":"follow","max-snippet":"max-snippet:-1","max-image-preview":"max-image-preview:large","max-video-preview":"max-video-preview:-1"},"canonical":"https:\/\/www.saga.fi\/beauty\/yhteystiedot\/","og_locale":"fi_FI","og_type":"article","og_title":"Yhteystiedot - Saga Beauty | Saga Trade Finland","og_url":"https:\/\/www.saga.fi\/beauty\/yhteystiedot\/","og_site_name":"Saga Beauty | Saga Trade Finland","article_publisher":"https:\/\/www.facebook.com\/Spashop.fi","article_modified_time":"2026-01-13T12:05:13+00:00","twitter_card":"summary_large_image","twitter_misc":{"Arvioitu lukuaika":"1 minuutti"},"schema":{"@context":"https:\/\/schema.org","@graph":[{"@type":"WebPage","@id":"https:\/\/www.saga.fi\/beauty\/yhteystiedot\/","url":"https:\/\/www.saga.fi\/beauty\/yhteystiedot\/","name":"Yhteystiedot - Saga Beauty | Saga Trade Finland","isPartOf":{"@id":"https:\/\/www.saga.fi\/beauty\/#website"},"datePublished":"2018-01-18T09:30:40+00:00","dateModified":"2026-01-13T12:05:13+00:00","breadcrumb":{"@id":"https:\/\/www.saga.fi\/beauty\/yhteystiedot\/#breadcrumb"},"inLanguage":"fi","potentialAction":[{"@type":"ReadAction","target":["https:\/\/www.saga.fi\/beauty\/yhteystiedot\/"]}]},{"@type":"BreadcrumbList","@id":"https:\/\/www.saga.fi\/beauty\/yhteystiedot\/#breadcrumb","itemListElement":[{"@type":"ListItem","position":1,"name":"Home","item":"https:\/\/www.saga.fi\/beauty\/etusivu\/"},{"@type":"ListItem","position":2,"name":"Yhteystiedot"}]},{"@type":"WebSite","@id":"https:\/\/www.saga.fi\/beauty\/#website","url":"https:\/\/www.saga.fi\/beauty\/","name":"Saga Beauty | Saga Trade Finland","description":"Laatukosmetiikan maahantuonti","publisher":{"@id":"https:\/\/www.saga.fi\/beauty\/#organization"},"potentialAction":[{"@type":"SearchAction","target":{"@type":"EntryPoint","urlTemplate":"https:\/\/www.saga.fi\/beauty\/?s={search_term_string}"},"query-input":{"@type":"PropertyValueSpecification","valueRequired":true,"valueName":"search_term_string"}}],"inLanguage":"fi"},{"@type":"Organization","@id":"https:\/\/www.saga.fi\/beauty\/#organization","name":"Saga Beauty | Saga Trade Finland","url":"https:\/\/www.saga.fi\/beauty\/","logo":{"@type":"ImageObject","inLanguage":"fi","@id":"https:\/\/www.saga.fi\/beauty\/#\/schema\/logo\/image\/","url":"https:\/\/www.saga.fi\/beauty\/wp-content\/uploads\/sites\/2\/2018\/02\/logo-saga-beauty.png","contentUrl":"https:\/\/www.saga.fi\/beauty\/wp-content\/uploads\/sites\/2\/2018\/02\/logo-saga-beauty.png","width":204,"height":140,"caption":"Saga Beauty | Saga Trade Finland"},"image":{"@id":"https:\/\/www.saga.fi\/beauty\/#\/schema\/logo\/image\/"},"sameAs":["https:\/\/www.facebook.com\/Spashop.fi"]}]}},"_links":{"self":[{"href":"https:\/\/www.saga.fi\/beauty\/wp-json\/wp\/v2\/pages\/430","targetHints":{"allow":["GET"]}}],"collection":[{"href":"https:\/\/www.saga.fi\/beauty\/wp-json\/wp\/v2\/pages"}],"about":[{"href":"https:\/\/www.saga.fi\/beauty\/wp-json\/wp\/v2\/types\/page"}],"author":[{"embeddable":true,"href":"https:\/\/www.saga.fi\/beauty\/wp-json\/wp\/v2\/users\/2"}],"replies":[{"embeddable":true,"href":"https:\/\/www.saga.fi\/beauty\/wp-json\/wp\/v2\/comments?post=430"}],"version-history":[{"count":42,"href":"https:\/\/www.saga.fi\/beauty\/wp-json\/wp\/v2\/pages\/430\/revisions"}],"predecessor-version":[{"id":3988,"href":"https:\/\/www.saga.fi\/beauty\/wp-json\/wp\/v2\/pages\/430\/revisions\/3988"}],"wp:attachment":[{"href":"https:\/\/www.saga.fi\/beauty\/wp-json\/wp\/v2\/media?parent=430"}],"curies":[{"name":"wp","href":"https:\/\/api.w.org\/{rel}","templated":true}]}}