{"id":1216,"date":"2025-08-08T08:20:31","date_gmt":"2025-08-08T05:20:31","guid":{"rendered":"https:\/\/www.saga.fi\/spatech\/?page_id=1216"},"modified":"2025-08-08T08:20:57","modified_gmt":"2025-08-08T05:20:57","slug":"tietosuoja-privacy-policy","status":"publish","type":"page","link":"https:\/\/www.saga.fi\/spatech\/tietosuoja-privacy-policy\/","title":{"rendered":"Tietosuoja | Privacy Policy"},"content":{"rendered":"\n<style type=\"text\/css\" data-created_by=\"avia_inline_auto\" id=\"style-css-av-mdo9xtrr-27e988a555e73abdf516cfbbac3c0d58\">\n.flex_column.av-mdo9xtrr-27e988a555e73abdf516cfbbac3c0d58{\npadding:8% 0 8% 0;\n}\n<\/style>\n<div  class='flex_column av-mdo9xtrr-27e988a555e73abdf516cfbbac3c0d58 av_one_full  avia-builder-el-0  avia-builder-el-no-sibling  first flex_column_div  '     ><div  class='togglecontainer av-me2dmxdw-07bc34e18927852883c0596f59dc4466 av-minimal-toggle  avia-builder-el-1  avia-builder-el-no-sibling  toggle_close_all' >\n<section class='av_toggle_section av-me2dm4p4-961d711f225a379acbb29713622309a3'  itemscope=\"itemscope\" itemtype=\"https:\/\/schema.org\/CreativeWork\" ><div role=\"tablist\" class=\"single_toggle\" data-tags=\"{All} \"  ><p id='toggle-toggle-id-1' data-fake-id='#toggle-id-1' class='toggler  av-title-above '  itemprop=\"headline\"  role='tab' tabindex='0' aria-controls='toggle-id-1' data-slide-speed=\"200\" data-title=\"Tietosuoja \u00bb\" data-title-open=\"\" data-aria_collapsed=\"Click to expand: Tietosuoja \u00bb\" data-aria_expanded=\"Click to collapse: Tietosuoja \u00bb\">Tietosuoja \u00bb<span class=\"toggle_icon\"><span class=\"vert_icon\"><\/span><span class=\"hor_icon\"><\/span><\/span><\/p><div id='toggle-id-1' aria-labelledby='toggle-toggle-id-1' role='region' class='toggle_wrap  av-title-above'  ><div class='toggle_content invers-color '  itemprop=\"text\" ><p><iframe style=\"width: 100%; height: 100vh; border: none;\" src=\"https:\/\/privacy.sunborn.com\/list\/privacy-policy-fi\/\"><\/iframe><\/p>\n<\/div><\/div><\/div><\/section>\n<section class='av_toggle_section av-me2dm4p4-1-961adc159c9f43d76d3a5e3ca3dbdece'  itemscope=\"itemscope\" itemtype=\"https:\/\/schema.org\/CreativeWork\" ><div role=\"tablist\" class=\"single_toggle\" data-tags=\"{All} \"  ><p id='toggle-toggle-id-2' data-fake-id='#toggle-id-2' class='toggler  av-title-above '  itemprop=\"headline\"  role='tab' tabindex='0' aria-controls='toggle-id-2' data-slide-speed=\"200\" data-title=\"Privacy Policy \u00bb\" data-title-open=\"\" data-aria_collapsed=\"Click to expand: Privacy Policy \u00bb\" data-aria_expanded=\"Click to collapse: Privacy Policy \u00bb\">Privacy Policy \u00bb<span class=\"toggle_icon\"><span class=\"vert_icon\"><\/span><span class=\"hor_icon\"><\/span><\/span><\/p><div id='toggle-id-2' aria-labelledby='toggle-toggle-id-2' role='region' class='toggle_wrap  av-title-above'  ><div class='toggle_content invers-color '  itemprop=\"text\" ><p><iframe style=\"width: 100%; height: 100vh; border: none;\" src=\"https:\/\/privacy.sunborn.com\/list\/privacy-policy-en\/\"><\/iframe><\/p>\n<\/div><\/div><\/div><\/section>\n<\/div><\/div>\n","protected":false},"excerpt":{"rendered":"","protected":false},"author":2,"featured_media":0,"parent":0,"menu_order":0,"comment_status":"closed","ping_status":"closed","template":"","meta":{"_acf_changed":false,"footnotes":""},"class_list":["post-1216","page","type-page","status-publish","hentry"],"acf":[],"yoast_head":"<!-- This site is optimized with the Yoast SEO plugin v27.2 - https:\/\/yoast.com\/product\/yoast-seo-wordpress\/ -->\n<title>Tietosuoja | Privacy Policy - Saga Spatech | Saga Trade Finland<\/title>\n<meta name=\"robots\" content=\"index, follow, max-snippet:-1, max-image-preview:large, max-video-preview:-1\" \/>\n<link rel=\"canonical\" href=\"https:\/\/www.saga.fi\/spatech\/tietosuoja-privacy-policy\/\" \/>\n<meta property=\"og:locale\" content=\"fi_FI\" \/>\n<meta property=\"og:type\" content=\"article\" \/>\n<meta property=\"og:title\" content=\"Tietosuoja | Privacy Policy - Saga Spatech | Saga Trade Finland\" \/>\n<meta property=\"og:url\" content=\"https:\/\/www.saga.fi\/spatech\/tietosuoja-privacy-policy\/\" \/>\n<meta property=\"og:site_name\" content=\"Saga Spatech | Saga Trade Finland\" \/>\n<meta property=\"article:modified_time\" content=\"2025-08-08T05:20:57+00:00\" \/>\n<meta name=\"twitter:card\" content=\"summary_large_image\" \/>\n<meta name=\"twitter:label1\" content=\"Arvioitu lukuaika\" \/>\n\t<meta name=\"twitter:data1\" content=\"1 minuutti\" \/>\n<script type=\"application\/ld+json\" class=\"yoast-schema-graph\">{\"@context\":\"https:\/\/schema.org\",\"@graph\":[{\"@type\":\"WebPage\",\"@id\":\"https:\/\/www.saga.fi\/spatech\/tietosuoja-privacy-policy\/\",\"url\":\"https:\/\/www.saga.fi\/spatech\/tietosuoja-privacy-policy\/\",\"name\":\"Tietosuoja | Privacy Policy - Saga Spatech | Saga Trade Finland\",\"isPartOf\":{\"@id\":\"https:\/\/www.saga.fi\/spatech\/#website\"},\"datePublished\":\"2025-08-08T05:20:31+00:00\",\"dateModified\":\"2025-08-08T05:20:57+00:00\",\"breadcrumb\":{\"@id\":\"https:\/\/www.saga.fi\/spatech\/tietosuoja-privacy-policy\/#breadcrumb\"},\"inLanguage\":\"fi\",\"potentialAction\":[{\"@type\":\"ReadAction\",\"target\":[\"https:\/\/www.saga.fi\/spatech\/tietosuoja-privacy-policy\/\"]}]},{\"@type\":\"BreadcrumbList\",\"@id\":\"https:\/\/www.saga.fi\/spatech\/tietosuoja-privacy-policy\/#breadcrumb\",\"itemListElement\":[{\"@type\":\"ListItem\",\"position\":1,\"name\":\"Home\",\"item\":\"https:\/\/www.saga.fi\/spatech\/etusivu\/\"},{\"@type\":\"ListItem\",\"position\":2,\"name\":\"Tietosuoja | Privacy Policy\"}]},{\"@type\":\"WebSite\",\"@id\":\"https:\/\/www.saga.fi\/spatech\/#website\",\"url\":\"https:\/\/www.saga.fi\/spatech\/\",\"name\":\"Saga Spatech | Saga Trade Finland\",\"description\":\"Hyvinvointituotteiden osaaja ja edell\u00e4k\u00e4vij\u00e4\",\"potentialAction\":[{\"@type\":\"SearchAction\",\"target\":{\"@type\":\"EntryPoint\",\"urlTemplate\":\"https:\/\/www.saga.fi\/spatech\/?s={search_term_string}\"},\"query-input\":{\"@type\":\"PropertyValueSpecification\",\"valueRequired\":true,\"valueName\":\"search_term_string\"}}],\"inLanguage\":\"fi\"}]}<\/script>\n<!-- \/ Yoast SEO plugin. -->","yoast_head_json":{"title":"Tietosuoja | Privacy Policy - Saga Spatech | Saga Trade Finland","robots":{"index":"index","follow":"follow","max-snippet":"max-snippet:-1","max-image-preview":"max-image-preview:large","max-video-preview":"max-video-preview:-1"},"canonical":"https:\/\/www.saga.fi\/spatech\/tietosuoja-privacy-policy\/","og_locale":"fi_FI","og_type":"article","og_title":"Tietosuoja | Privacy Policy - Saga Spatech | Saga Trade Finland","og_url":"https:\/\/www.saga.fi\/spatech\/tietosuoja-privacy-policy\/","og_site_name":"Saga Spatech | Saga Trade Finland","article_modified_time":"2025-08-08T05:20:57+00:00","twitter_card":"summary_large_image","twitter_misc":{"Arvioitu lukuaika":"1 minuutti"},"schema":{"@context":"https:\/\/schema.org","@graph":[{"@type":"WebPage","@id":"https:\/\/www.saga.fi\/spatech\/tietosuoja-privacy-policy\/","url":"https:\/\/www.saga.fi\/spatech\/tietosuoja-privacy-policy\/","name":"Tietosuoja | Privacy Policy - Saga Spatech | Saga Trade Finland","isPartOf":{"@id":"https:\/\/www.saga.fi\/spatech\/#website"},"datePublished":"2025-08-08T05:20:31+00:00","dateModified":"2025-08-08T05:20:57+00:00","breadcrumb":{"@id":"https:\/\/www.saga.fi\/spatech\/tietosuoja-privacy-policy\/#breadcrumb"},"inLanguage":"fi","potentialAction":[{"@type":"ReadAction","target":["https:\/\/www.saga.fi\/spatech\/tietosuoja-privacy-policy\/"]}]},{"@type":"BreadcrumbList","@id":"https:\/\/www.saga.fi\/spatech\/tietosuoja-privacy-policy\/#breadcrumb","itemListElement":[{"@type":"ListItem","position":1,"name":"Home","item":"https:\/\/www.saga.fi\/spatech\/etusivu\/"},{"@type":"ListItem","position":2,"name":"Tietosuoja | Privacy Policy"}]},{"@type":"WebSite","@id":"https:\/\/www.saga.fi\/spatech\/#website","url":"https:\/\/www.saga.fi\/spatech\/","name":"Saga Spatech | Saga Trade Finland","description":"Hyvinvointituotteiden osaaja ja edell\u00e4k\u00e4vij\u00e4","potentialAction":[{"@type":"SearchAction","target":{"@type":"EntryPoint","urlTemplate":"https:\/\/www.saga.fi\/spatech\/?s={search_term_string}"},"query-input":{"@type":"PropertyValueSpecification","valueRequired":true,"valueName":"search_term_string"}}],"inLanguage":"fi"}]}},"_links":{"self":[{"href":"https:\/\/www.saga.fi\/spatech\/wp-json\/wp\/v2\/pages\/1216","targetHints":{"allow":["GET"]}}],"collection":[{"href":"https:\/\/www.saga.fi\/spatech\/wp-json\/wp\/v2\/pages"}],"about":[{"href":"https:\/\/www.saga.fi\/spatech\/wp-json\/wp\/v2\/types\/page"}],"author":[{"embeddable":true,"href":"https:\/\/www.saga.fi\/spatech\/wp-json\/wp\/v2\/users\/2"}],"replies":[{"embeddable":true,"href":"https:\/\/www.saga.fi\/spatech\/wp-json\/wp\/v2\/comments?post=1216"}],"version-history":[{"count":3,"href":"https:\/\/www.saga.fi\/spatech\/wp-json\/wp\/v2\/pages\/1216\/revisions"}],"predecessor-version":[{"id":1219,"href":"https:\/\/www.saga.fi\/spatech\/wp-json\/wp\/v2\/pages\/1216\/revisions\/1219"}],"wp:attachment":[{"href":"https:\/\/www.saga.fi\/spatech\/wp-json\/wp\/v2\/media?parent=1216"}],"curies":[{"name":"wp","href":"https:\/\/api.w.org\/{rel}","templated":true}]}}