{"id":580,"date":"2018-02-15T11:36:31","date_gmt":"2018-02-15T09:36:31","guid":{"rendered":"http:\/\/devpra.saga.fi\/spatech\/?page_id=580"},"modified":"2025-12-16T09:16:37","modified_gmt":"2025-12-16T07:16:37","slug":"yhteystiedot","status":"publish","type":"page","link":"https:\/\/www.saga.fi\/spatech\/yhteystiedot\/","title":{"rendered":"Yhteystiedot"},"content":{"rendered":"\n<style type=\"text\/css\" data-created_by=\"avia_inline_auto\" id=\"style-css-av-mbsz52sy-c94a3b4a0c333ac2620e030cd106e52e\">\n.avia-section.av-mbsz52sy-c94a3b4a0c333ac2620e030cd106e52e{\nbackground-repeat:no-repeat;\nbackground-image:url(https:\/\/www.saga.fi\/spatech\/wp-content\/uploads\/sites\/4\/2025\/06\/bg-yhteys.jpg);\nbackground-position:100% 50%;\nbackground-attachment:scroll;\n}\n<\/style>\n<div id='av_section_1'  class='avia-section av-mbsz52sy-c94a3b4a0c333ac2620e030cd106e52e main_color avia-section-default avia-no-border-styling  avia-builder-el-0  el_before_av_one_half  avia-builder-el-first  avia-full-stretch avia-bg-style-scroll av-minimum-height av-minimum-height-custom av-height-custom  container_wrap fullsize'  data-section-bg-repeat='stretch' data-av_minimum_height_px='400'><div class='container av-section-cont-open' style='height:400px'><main  role=\"main\" itemprop=\"mainContentOfPage\"  class='template-page content  av-content-full alpha units'><div class='post-entry post-entry-type-page post-entry-580'><div class='entry-content-wrapper clearfix'><\/div><\/div><\/main><!-- close content main element --><\/div><\/div><div id='after_section_1'  class='main_color av_default_container_wrap container_wrap fullsize'  ><div class='container av-section-cont-open' ><div class='template-page content  av-content-full alpha units'><div class='post-entry post-entry-type-page post-entry-580'><div class='entry-content-wrapper clearfix'>\n\n<style type=\"text\/css\" data-created_by=\"avia_inline_auto\" id=\"style-css-av-144l2s-5f213cb600f830b0b4d79c7b3cc53c9c\">\n.flex_column.av-144l2s-5f213cb600f830b0b4d79c7b3cc53c9c{\nborder-radius:0px 0px 0px 0px;\npadding:0px 0px 0px 0px;\n}\n<\/style>\n<div  class='flex_column av-144l2s-5f213cb600f830b0b4d79c7b3cc53c9c av_one_half  avia-builder-el-1  el_after_av_section  el_before_av_one_half  avia-builder-el-first  first flex_column_div av-zero-column-padding  '     ><p>\n<style type=\"text\/css\" data-created_by=\"avia_inline_auto\" id=\"style-css-av-y6m58-49b2e87051e74aaf122640516e70a71f\">\n#top .av-special-heading.av-y6m58-49b2e87051e74aaf122640516e70a71f{\npadding-bottom:10px;\n}\nbody .av-special-heading.av-y6m58-49b2e87051e74aaf122640516e70a71f .av-special-heading-tag .heading-char{\nfont-size:25px;\n}\n.av-special-heading.av-y6m58-49b2e87051e74aaf122640516e70a71f .av-subheading{\nfont-size:15px;\n}\n<\/style>\n<div  class='av-special-heading av-y6m58-49b2e87051e74aaf122640516e70a71f av-special-heading-h1  avia-builder-el-2  el_before_av_textblock  avia-builder-el-first '><h1 class='av-special-heading-tag '  itemprop=\"headline\"  >J\u00e4t\u00e4 viesti<\/h1><div class=\"special-heading-border\"><div class=\"special-heading-inner-border\"><\/div><\/div><\/div><br \/>\n<section  class='av_textblock_section av-svccc-262a2a2cdcd1748b6ee880c1d539a972 '   itemscope=\"itemscope\" itemtype=\"https:\/\/schema.org\/CreativeWork\" ><div class='avia_textblock'  itemprop=\"text\" ><div class=\"wpforms-container wpforms-container-full\" id=\"wpforms-628\"><form id=\"wpforms-form-628\" class=\"wpforms-validate wpforms-form\" data-formid=\"628\" method=\"post\" enctype=\"multipart\/form-data\" action=\"\/spatech\/wp-json\/wp\/v2\/pages\/580\" data-token=\"e429b12f3a3905c081aad72609ed8b06\" data-token-time=\"1778612560\"><noscript class=\"wpforms-error-noscript\">Please enable JavaScript in your browser to complete this form.<\/noscript><div class=\"wpforms-field-container\"><div id=\"wpforms-628-field_1-container\" class=\"wpforms-field wpforms-field-textarea\" data-field-id=\"1\"><label class=\"wpforms-field-label\" for=\"wpforms-628-field_1\">Viesti: <span class=\"wpforms-required-label\">*<\/span><\/label><textarea id=\"wpforms-628-field_1\" class=\"wpforms-field-medium wpforms-field-required\" name=\"wpforms[fields][1]\" required><\/textarea><\/div><div id=\"wpforms-628-field_3-container\" class=\"wpforms-field wpforms-field-checkbox\" data-field-id=\"3\"><label class=\"wpforms-field-label\">Olen ammatiltani<\/label><ul id=\"wpforms-628-field_3\"><li class=\"choice-1 depth-1\"><input type=\"checkbox\" id=\"wpforms-628-field_3_1\" name=\"wpforms[fields][3][]\" value=\"opiskeilja\"  ><label class=\"wpforms-field-label-inline\" for=\"wpforms-628-field_3_1\">opiskeilja<\/label><\/li><li class=\"choice-2 depth-1\"><input type=\"checkbox\" id=\"wpforms-628-field_3_2\" name=\"wpforms[fields][3][]\" value=\"yritt\u00e4j\u00e4\"  ><label class=\"wpforms-field-label-inline\" for=\"wpforms-628-field_3_2\">yritt\u00e4j\u00e4<\/label><\/li><li class=\"choice-3 depth-1\"><input type=\"checkbox\" id=\"wpforms-628-field_3_3\" name=\"wpforms[fields][3][]\" value=\"fysioterapeutti\"  ><label class=\"wpforms-field-label-inline\" for=\"wpforms-628-field_3_3\">fysioterapeutti<\/label><\/li><li class=\"choice-4 depth-1\"><input type=\"checkbox\" id=\"wpforms-628-field_3_4\" name=\"wpforms[fields][3][]\" value=\"toimintaterapeutti\"  ><label class=\"wpforms-field-label-inline\" for=\"wpforms-628-field_3_4\">toimintaterapeutti<\/label><\/li><li class=\"choice-5 depth-1\"><input type=\"checkbox\" id=\"wpforms-628-field_3_5\" name=\"wpforms[fields][3][]\" value=\"sairaanhoitaja\"  ><label class=\"wpforms-field-label-inline\" for=\"wpforms-628-field_3_5\">sairaanhoitaja<\/label><\/li><li class=\"choice-6 depth-1\"><input type=\"checkbox\" id=\"wpforms-628-field_3_6\" name=\"wpforms[fields][3][]\" value=\"liikunnanohjaaja\"  ><label class=\"wpforms-field-label-inline\" for=\"wpforms-628-field_3_6\">liikunnanohjaaja<\/label><\/li><li class=\"choice-7 depth-1\"><input type=\"checkbox\" id=\"wpforms-628-field_3_7\" name=\"wpforms[fields][3][]\" value=\"hieroja\"  ><label class=\"wpforms-field-label-inline\" for=\"wpforms-628-field_3_7\">hieroja<\/label><\/li><\/ul><\/div><div id=\"wpforms-628-field_4-container\" class=\"wpforms-field wpforms-field-text\" data-field-id=\"4\"><label class=\"wpforms-field-label\" for=\"wpforms-628-field_4\">Muu ammatti, mik\u00e4:<\/label><input type=\"text\" id=\"wpforms-628-field_4\" class=\"wpforms-field-medium\" name=\"wpforms[fields][4]\" ><\/div><div id=\"wpforms-628-field_5-container\" class=\"wpforms-field wpforms-field-text\" data-field-id=\"5\"><label class=\"wpforms-field-label\" for=\"wpforms-628-field_5\">Yritys<\/label><input type=\"text\" id=\"wpforms-628-field_5\" class=\"wpforms-field-medium\" name=\"wpforms[fields][5]\" ><\/div><div id=\"wpforms-628-field_6-container\" class=\"wpforms-field wpforms-field-text\" data-field-id=\"6\"><label class=\"wpforms-field-label\" for=\"wpforms-628-field_6\">Nimi <span class=\"wpforms-required-label\">*<\/span><\/label><input type=\"text\" id=\"wpforms-628-field_6\" class=\"wpforms-field-medium wpforms-field-required\" name=\"wpforms[fields][6]\" required><\/div><div id=\"wpforms-628-field_7-container\" class=\"wpforms-field wpforms-field-text\" data-field-id=\"7\"><label class=\"wpforms-field-label\" for=\"wpforms-628-field_7\">Puhelin<\/label><input type=\"text\" id=\"wpforms-628-field_7\" class=\"wpforms-field-medium\" name=\"wpforms[fields][7]\" ><\/div><div id=\"wpforms-628-field_8-container\" class=\"wpforms-field wpforms-field-email\" data-field-id=\"8\"><label class=\"wpforms-field-label\" for=\"wpforms-628-field_8\">S\u00e4hk\u00f6posti <span class=\"wpforms-required-label\">*<\/span><\/label><input type=\"email\" id=\"wpforms-628-field_8\" class=\"wpforms-field-medium wpforms-field-required\" name=\"wpforms[fields][8]\" spellcheck=\"false\" required><\/div><div id=\"wpforms-628-field_9-container\" class=\"wpforms-field wpforms-field-text\" data-field-id=\"9\"><label class=\"wpforms-field-label\" for=\"wpforms-628-field_9\">Osoite<\/label><input type=\"text\" id=\"wpforms-628-field_9\" class=\"wpforms-field-medium\" name=\"wpforms[fields][9]\" ><\/div><div id=\"wpforms-628-field_10-container\" class=\"wpforms-field wpforms-field-text\" data-field-id=\"10\"><label class=\"wpforms-field-label\" for=\"wpforms-628-field_10\">Postinumero ja -toimipaikka<\/label><input type=\"text\" id=\"wpforms-628-field_10\" class=\"wpforms-field-medium\" name=\"wpforms[fields][10]\" ><\/div><div id=\"wpforms-628-field_11-container\" class=\"wpforms-field wpforms-field-radio\" data-field-id=\"11\"><label class=\"wpforms-field-label\">Haluan tarjoukset ja tuotetiedotteet s\u00e4hk\u00f6postina (valitse vaihtoehto)<\/label><ul id=\"wpforms-628-field_11\"><li class=\"choice-1 depth-1\"><input type=\"radio\" id=\"wpforms-628-field_11_1\" name=\"wpforms[fields][11]\" value=\"Kyll\u00e4 kiitos\"  ><label class=\"wpforms-field-label-inline\" for=\"wpforms-628-field_11_1\">Kyll\u00e4 kiitos<\/label><\/li><li class=\"choice-2 depth-1\"><input type=\"radio\" id=\"wpforms-628-field_11_2\" name=\"wpforms[fields][11]\" value=\"En halua\"  ><label class=\"wpforms-field-label-inline\" for=\"wpforms-628-field_11_2\">En halua<\/label><\/li><\/ul><\/div><div id=\"wpforms-628-field_12-container\" class=\"wpforms-field wpforms-field-gdpr-checkbox\" data-field-id=\"12\"><label class=\"wpforms-field-label\">GDPR-suostumus <span class=\"wpforms-required-label\">*<\/span><\/label><ul id=\"wpforms-628-field_12\" class=\"wpforms-field-required\"><li class=\"choice-1\"><input type=\"checkbox\" id=\"wpforms-628-field_12_1\" name=\"wpforms[fields][12][]\" value=\"Hyv\u00e4ksyn yhteystietojeni tallentamisen jotta kyselyyni voidaan vastata.\" required ><label class=\"wpforms-field-label-inline\" for=\"wpforms-628-field_12_1\">Hyv\u00e4ksyn yhteystietojeni tallentamisen jotta kyselyyni voidaan vastata.<\/label><\/li><\/ul><\/div><\/div><!-- .wpforms-field-container --><div class=\"wpforms-field wpforms-field-hp\"><label for=\"wpforms-628-field-hp\" class=\"wpforms-field-label\">Comment<\/label><input type=\"text\" name=\"wpforms[hp]\" id=\"wpforms-628-field-hp\" class=\"wpforms-field-medium\"><\/div><div class=\"wpforms-submit-container\" ><input type=\"hidden\" name=\"wpforms[id]\" value=\"628\"><input type=\"hidden\" name=\"page_title\" value=\"\"><input type=\"hidden\" name=\"page_url\" value=\"https:\/\/www.saga.fi\/spatech\/wp-json\/wp\/v2\/pages\/580\"><input type=\"hidden\" name=\"url_referer\" value=\"\"><button type=\"submit\" name=\"wpforms[submit]\" id=\"wpforms-submit-628\" class=\"wpforms-submit\" data-alt-text=\"L\u00e4hetet\u00e4\u00e4n....\" data-submit-text=\"L\u00e4het\u00e4\" aria-live=\"assertive\" value=\"wpforms-submit\">L\u00e4het\u00e4<\/button><\/div><\/form><\/div>  <!-- .wpforms-container -->\n<\/div><\/section><\/p><\/div>\n\n<style type=\"text\/css\" data-created_by=\"avia_inline_auto\" id=\"style-css-av-k67ys-a8c27cbd12d8f592e1967c271f70bbd2\">\n.flex_column.av-k67ys-a8c27cbd12d8f592e1967c271f70bbd2{\nborder-radius:0px 0px 0px 0px;\npadding:0px 0px 0px 0px;\n}\n<\/style>\n<div  class='flex_column av-k67ys-a8c27cbd12d8f592e1967c271f70bbd2 av_one_half  avia-builder-el-4  el_after_av_one_half  avia-builder-el-last  flex_column_div av-zero-column-padding  '     ><p>\n<style type=\"text\/css\" data-created_by=\"avia_inline_auto\" id=\"style-css-av-7yk18-317a8e89a11898f34cb80177c23f33a8\">\n#top .av-special-heading.av-7yk18-317a8e89a11898f34cb80177c23f33a8{\npadding-bottom:10px;\n}\nbody .av-special-heading.av-7yk18-317a8e89a11898f34cb80177c23f33a8 .av-special-heading-tag .heading-char{\nfont-size:25px;\n}\n.av-special-heading.av-7yk18-317a8e89a11898f34cb80177c23f33a8 .av-subheading{\nfont-size:15px;\n}\n<\/style>\n<div  class='av-special-heading av-7yk18-317a8e89a11898f34cb80177c23f33a8 av-special-heading-h1  avia-builder-el-5  el_before_av_textblock  avia-builder-el-first '><h1 class='av-special-heading-tag '  itemprop=\"headline\"  >Yhteystietomme<\/h1><div class=\"special-heading-border\"><div class=\"special-heading-inner-border\"><\/div><\/div><\/div><br \/>\n<section  class='av_textblock_section av-7li4k-9124f193a0c75fd5efba1b53c9925087 '   itemscope=\"itemscope\" itemtype=\"https:\/\/schema.org\/CreativeWork\" ><div class='avia_textblock'  itemprop=\"text\" ><h2>Saga Spatech \/ Saga Trade Finland Oy<\/h2>\n<ul>\n<li><strong>K\u00e4yntiosoite:<\/strong><br \/>\nJuhana Herttuan puistokatu 23, 20100 TURKU<\/li>\n<li><strong>Postiosoite:<\/strong><br \/>\nPL 100, 20101 TURKU<\/li>\n<li><strong>Puhelin:<\/strong><br \/>\n<a href=\"tel:+35824456220\">(02) 445 6220<\/a><\/li>\n<li><strong>S\u00e4hk\u00f6posti:<\/strong><br \/>\n<a href=\"mailto:myynti@saga.fi\">myynti@saga.fi<\/a><\/li>\n<\/ul>\n<h3>Toimisto ja noutomyym\u00e4l\u00e4<\/h3>\n<ul>\n<li>Toimisto avoinna arkisin klo 9-16<\/li>\n<li>7.1.2026 alkaen noutomyym\u00e4l\u00e4 on avoinna vain keskiviikoisin klo 9-16<\/li>\n<li>Noutomyym\u00e4l\u00e4 on suljettu 19.12.2025 &#8211; 6.1.2026<\/li>\n<\/ul>\n<\/div><\/section><\/p><\/div>\n","protected":false},"excerpt":{"rendered":"","protected":false},"author":2,"featured_media":0,"parent":0,"menu_order":10,"comment_status":"closed","ping_status":"closed","template":"","meta":{"_acf_changed":false,"footnotes":""},"class_list":["post-580","page","type-page","status-publish","hentry"],"acf":[],"yoast_head":"<!-- This site is optimized with the Yoast SEO plugin v27.2 - https:\/\/yoast.com\/product\/yoast-seo-wordpress\/ -->\n<title>Yhteystiedot - Saga Spatech | Saga Trade Finland<\/title>\n<meta name=\"robots\" content=\"index, follow, max-snippet:-1, max-image-preview:large, max-video-preview:-1\" \/>\n<link rel=\"canonical\" href=\"https:\/\/www.saga.fi\/spatech\/yhteystiedot\/\" \/>\n<meta property=\"og:locale\" content=\"fi_FI\" \/>\n<meta property=\"og:type\" content=\"article\" \/>\n<meta property=\"og:title\" content=\"Yhteystiedot - Saga Spatech | Saga Trade Finland\" \/>\n<meta property=\"og:url\" content=\"https:\/\/www.saga.fi\/spatech\/yhteystiedot\/\" \/>\n<meta property=\"og:site_name\" content=\"Saga Spatech | Saga Trade Finland\" \/>\n<meta property=\"article:modified_time\" content=\"2025-12-16T07:16:37+00:00\" \/>\n<meta name=\"twitter:card\" content=\"summary_large_image\" \/>\n<meta name=\"twitter:label1\" content=\"Arvioitu lukuaika\" \/>\n\t<meta name=\"twitter:data1\" content=\"1 minuutti\" \/>\n<script type=\"application\/ld+json\" class=\"yoast-schema-graph\">{\"@context\":\"https:\/\/schema.org\",\"@graph\":[{\"@type\":\"WebPage\",\"@id\":\"https:\/\/www.saga.fi\/spatech\/yhteystiedot\/\",\"url\":\"https:\/\/www.saga.fi\/spatech\/yhteystiedot\/\",\"name\":\"Yhteystiedot - Saga Spatech | Saga Trade Finland\",\"isPartOf\":{\"@id\":\"https:\/\/www.saga.fi\/spatech\/#website\"},\"datePublished\":\"2018-02-15T09:36:31+00:00\",\"dateModified\":\"2025-12-16T07:16:37+00:00\",\"breadcrumb\":{\"@id\":\"https:\/\/www.saga.fi\/spatech\/yhteystiedot\/#breadcrumb\"},\"inLanguage\":\"fi\",\"potentialAction\":[{\"@type\":\"ReadAction\",\"target\":[\"https:\/\/www.saga.fi\/spatech\/yhteystiedot\/\"]}]},{\"@type\":\"BreadcrumbList\",\"@id\":\"https:\/\/www.saga.fi\/spatech\/yhteystiedot\/#breadcrumb\",\"itemListElement\":[{\"@type\":\"ListItem\",\"position\":1,\"name\":\"Home\",\"item\":\"https:\/\/www.saga.fi\/spatech\/etusivu\/\"},{\"@type\":\"ListItem\",\"position\":2,\"name\":\"Yhteystiedot\"}]},{\"@type\":\"WebSite\",\"@id\":\"https:\/\/www.saga.fi\/spatech\/#website\",\"url\":\"https:\/\/www.saga.fi\/spatech\/\",\"name\":\"Saga Spatech | Saga Trade Finland\",\"description\":\"Hyvinvointituotteiden osaaja ja edell\u00e4k\u00e4vij\u00e4\",\"potentialAction\":[{\"@type\":\"SearchAction\",\"target\":{\"@type\":\"EntryPoint\",\"urlTemplate\":\"https:\/\/www.saga.fi\/spatech\/?s={search_term_string}\"},\"query-input\":{\"@type\":\"PropertyValueSpecification\",\"valueRequired\":true,\"valueName\":\"search_term_string\"}}],\"inLanguage\":\"fi\"}]}<\/script>\n<!-- \/ Yoast SEO plugin. -->","yoast_head_json":{"title":"Yhteystiedot - Saga Spatech | Saga Trade Finland","robots":{"index":"index","follow":"follow","max-snippet":"max-snippet:-1","max-image-preview":"max-image-preview:large","max-video-preview":"max-video-preview:-1"},"canonical":"https:\/\/www.saga.fi\/spatech\/yhteystiedot\/","og_locale":"fi_FI","og_type":"article","og_title":"Yhteystiedot - Saga Spatech | Saga Trade Finland","og_url":"https:\/\/www.saga.fi\/spatech\/yhteystiedot\/","og_site_name":"Saga Spatech | Saga Trade Finland","article_modified_time":"2025-12-16T07:16:37+00:00","twitter_card":"summary_large_image","twitter_misc":{"Arvioitu lukuaika":"1 minuutti"},"schema":{"@context":"https:\/\/schema.org","@graph":[{"@type":"WebPage","@id":"https:\/\/www.saga.fi\/spatech\/yhteystiedot\/","url":"https:\/\/www.saga.fi\/spatech\/yhteystiedot\/","name":"Yhteystiedot - Saga Spatech | Saga Trade Finland","isPartOf":{"@id":"https:\/\/www.saga.fi\/spatech\/#website"},"datePublished":"2018-02-15T09:36:31+00:00","dateModified":"2025-12-16T07:16:37+00:00","breadcrumb":{"@id":"https:\/\/www.saga.fi\/spatech\/yhteystiedot\/#breadcrumb"},"inLanguage":"fi","potentialAction":[{"@type":"ReadAction","target":["https:\/\/www.saga.fi\/spatech\/yhteystiedot\/"]}]},{"@type":"BreadcrumbList","@id":"https:\/\/www.saga.fi\/spatech\/yhteystiedot\/#breadcrumb","itemListElement":[{"@type":"ListItem","position":1,"name":"Home","item":"https:\/\/www.saga.fi\/spatech\/etusivu\/"},{"@type":"ListItem","position":2,"name":"Yhteystiedot"}]},{"@type":"WebSite","@id":"https:\/\/www.saga.fi\/spatech\/#website","url":"https:\/\/www.saga.fi\/spatech\/","name":"Saga Spatech | Saga Trade Finland","description":"Hyvinvointituotteiden osaaja ja edell\u00e4k\u00e4vij\u00e4","potentialAction":[{"@type":"SearchAction","target":{"@type":"EntryPoint","urlTemplate":"https:\/\/www.saga.fi\/spatech\/?s={search_term_string}"},"query-input":{"@type":"PropertyValueSpecification","valueRequired":true,"valueName":"search_term_string"}}],"inLanguage":"fi"}]}},"_links":{"self":[{"href":"https:\/\/www.saga.fi\/spatech\/wp-json\/wp\/v2\/pages\/580","targetHints":{"allow":["GET"]}}],"collection":[{"href":"https:\/\/www.saga.fi\/spatech\/wp-json\/wp\/v2\/pages"}],"about":[{"href":"https:\/\/www.saga.fi\/spatech\/wp-json\/wp\/v2\/types\/page"}],"author":[{"embeddable":true,"href":"https:\/\/www.saga.fi\/spatech\/wp-json\/wp\/v2\/users\/2"}],"replies":[{"embeddable":true,"href":"https:\/\/www.saga.fi\/spatech\/wp-json\/wp\/v2\/comments?post=580"}],"version-history":[{"count":27,"href":"https:\/\/www.saga.fi\/spatech\/wp-json\/wp\/v2\/pages\/580\/revisions"}],"predecessor-version":[{"id":1225,"href":"https:\/\/www.saga.fi\/spatech\/wp-json\/wp\/v2\/pages\/580\/revisions\/1225"}],"wp:attachment":[{"href":"https:\/\/www.saga.fi\/spatech\/wp-json\/wp\/v2\/media?parent=580"}],"curies":[{"name":"wp","href":"https:\/\/api.w.org\/{rel}","templated":true}]}}